rue
Does 6 divide 18500652?
True
Is 6890106 a multiple of 3?
True
Is 35786839 a multiple of 10?
False
Is 223 a factor of 612822143?
False
Is 748 a factor of 171081583?
False
Is 15626175 a multiple of 267?
True
Is 60976626 a multiple of 86?
False
Is 9055886 a multiple of 4298?
True
Is 11038870 a multiple of 88?
False
Does 428 divide 12019096?
True
Is 724949693 a multiple of 13?
True
Is 1428595041 a multiple of 5876?
False
Is 43832627 a multiple of 4?
False
Is 12534782 a multiple of 19?
False
Does 19 divide 18738552?
False
Is 300407063 a multiple of 201?
False
Does 13 divide 84544616?
True
Is 58797557 a multiple of 9?
False
Is 40 a factor of 36498360?
True
Is 2169 a factor of 42513526?
False
Is 13 a factor of 41726019?
False
Is 6021306 a multiple of 7?
False
Is 9767751 a multiple of 373?
True
Is 2675 a factor of 31257050?
False
Is 843881459 a multiple of 18?
False
Is 6238710 a multiple of 30?
True
Does 165 divide 239874892?
False
Does 1226 divide 340190480?
True
Is 2452804 a multiple of 391?
False
Is 30 a factor of 15213810?
True
Is 109397550 a multiple of 1275?
True
Is 32708492 a multiple of 4?
True
Is 4340347 a multiple of 47?
False
Does 86 divide 823004176?
True
Does 464 divide 10345571?
False
Is 217648629 a multiple of 2299?
True
Is 10 a factor of 7266130?
True
Is 110641480 a multiple of 248?
True
Is 3331 a factor of 1644617961?
True
Is 1022297138 a multiple of 2?
True
Does 3609 divide 1657823022?
True
Is 376216270 a multiple of 8?
False
Does 84 divide 186482638?
False
Is 57976749 a multiple of 51?
True
Is 1608720244 a multiple of 40?
False
Is 348 a factor of 94091544?
True
Is 8 a factor of 182704?
True
Is 296 a factor of 107643064?
True
Is 28 a factor of 110681922?
False
Does 7 divide 1419500362?
True
Does 1696 divide 305261344?
True
Does 13 divide 34508200?
False
Is 27210750 a multiple of 50?
True
Does 1638 divide 278278182?
True
Is 345611344 a multiple of 87?
False
Is 253 a factor of 10070730?
False
Does 120 divide 242476413?
False
Is 384 a factor of 1373043?
False
Is 2077 a factor of 120740164?
True
Is 544 a factor of 262365216?
True
Is 280260860 a multiple of 2222?
True
Is 408152657 a multiple of 13?
False
Is 950731160 a multiple of 2957?
False
Does 37 divide 3016155418?
True
Is 918432796 a multiple of 3238?
True
Does 68 divide 19726884?
False
Does 23 divide 470129334?
False
Is 1600 a factor of 818215802?
False
Is 685 a factor of 508530383?
False
Is 1672 a factor of 1991153938?
False
Is 1727 a factor of 1261127201?
False
Does 2361 divide 23978316?
True
Is 1166780219 a multiple of 31?
False
Is 3576 a factor of 2119412883?
False
Does 24 divide 59342490?
False
Is 442725786 a multiple of 766?
True
Is 1611 a factor of 1053319122?
False
Is 112264245 a multiple of 17?
False
Is 96971056 a multiple of 47?
False
Does 12 divide 192142763?
False
Is 12171081 a multiple of 107?
False
Is 61153075 a multiple of 5?
True
Does 35 divide 62295575?
False
Is 1234675806 a multiple of 3701?
True
Does 285 divide 118310522?
False
Does 114 divide 373110030?
True
Is 722821135 a multiple of 593?
False
Does 23 divide 29210253?
True
Is 34 a factor of 32005794?
False
Is 11590007 a multiple of 143?
True
Does 4405 divide 753509828?
False
Does 56 divide 247669202?
False
Is 298 a factor of 2995305751?
False
Is 411 a factor of 21913054?
False
Is 397223897 a multiple of 37?
True
Does 16 divide 309280039?
False
Does 12 divide 456209867?
False
Is 218979348 a multiple of 29?
True
Is 222508563 a multiple of 108?
False
Is 3994 a factor of 154420022?
True
Is 14 a factor of 72959268?
False
Is 905901000 a multiple of 38?
True
Is 21463034 a multiple of 423?
False
Is 2822 a factor of 114507062?
False
Is 29602856 a multiple of 629?
False
Is 700 a factor of 1300497420?
False
Is 215524010 a multiple of 98?
False
Is 43426565 a multiple of 10?
False
Is 250 a factor of 154970250?
True
Does 31 divide 19854657?
False
Is 45295545 a multiple of 705?
True
Is 193868954 a multiple of 77?
False
Does 61 divide 45774949?
True
Does 2714 divide 1130672822?
False
Is 34398886 a multiple of 6?
False
Does 117 divide 7760380?
False
Is 161 a factor of 623037317?
True
Is 70337960 a multiple of 328?
True
Is 2248 a factor of 109503843?
False
Is 150 a factor of 33598200?
True
Does 5 divide 184316280?
True
Does 8 divide 2315099932?
False
Does 27 divide 645390747?
True
Is 20 a factor of 1067298460?
True
Is 58879049 a multiple of 1456?
False
Does 1722 divide 3676470?
True
Is 5113 a factor of 1680782622?
False
Does 24 divide 279841973?
False
Is 7 a factor of 249530915?
False
Does 213 divide 8983275?
True
Is 1575 a factor of 2477222924?
False
Is 1058 a factor of 206215311?
False
Is 253344546 a multiple of 21?
True
Does 24 divide 56490317?
False
Does 13 divide 4307914?
True
Is 701 a factor of 974878?
False
Is 497853160 a multiple of 7?
True
Does 217 divide 91069516?
False
Is 1409 a factor of 33017863?
False
Does 368 divide 415376320?
True
Is 17404170 a multiple of 30?
True
Does 4044 divide 112115856?
True
Is 2274767733 a multiple of 543?
False
Is 88 a factor of 1113152687?
False
Is 11 a factor of 797471499?
True
Is 2623 a factor of 759357851?
False
Is 25929182 a multiple of 18?
False
Does 47 divide 4042865411?
True
Is 8532874 a multiple of 14?
True
Is 523 a factor of 528632187?
True
Does 1031 divide 1562876404?
True
Is 5895131 a multiple of 10?
False
Is 211242524 a multiple of 2470?
False
Does 413 divide 1540288?
False
Is 157434474 a multiple of 643?
False
Is 7092784 a multiple of 340?
False
Does 11 divide 247935956?
False
Is 88432726 a multiple of 106?
True
Is 35296877 a multiple of 1828?
False
Is 2048 a factor of 1229592576?
True
Is 22 a factor of 34559514?
True
Does 1597 divide 279330004?
False
Is 861671404 a multiple of 115?
False
Is 509451317 a multiple of 53?
True
Does 1001 divide 3720717?
True
Does 84 divide 3731094071?
False
Is 121566915 a multiple of 255?
True
Does 38 divide 4148551542?
True
Does 283 divide 807410037?
True
Is 3712667 a multiple of 3?
False
Does 87 divide 719147069?
False
Is 10 a factor of 211739580?
True
Does 1483 divide 29600680?
True
Is 867284995 a multiple of 1736?
False
Is 628414650 a multiple of 9?
True
Is 8 a factor of 96352798?
False
Is 3 a factor of 7406826?
True
Is 20571259 a multiple of 31?
True
Is 1366718205 a multiple of 15?
True
Does 10 divide 496844430?
True
Does 427 divide 83209490?
True
Is 206 a factor of 58876472?
False
Is 290 a factor of 37027490?
True
Is 216677869 a multiple of 80?
False
Is 17 a factor of 166507855?
False
Is 1939598199 a multiple of 608?
False
Does 3 divide 1114840?
False
Is 288394995 a multiple of 3?
True
Is 947775196 a multiple of 14?
False
Does 4 divide 20684341?
False
Does 8 divide 69440184?
True
Is 21440326 a multiple of 807?
False
Is 112212646 a multiple of 54?
False
Is 20 a factor of 205630485?
False
Is 810708094 a multiple of 337?
True
Is 38 a factor of 66182966?
True
Is 592 a factor of 25061186?
False
Is 3 a factor of 287032?
False
Is 1789741040 a multiple of 10216?
True
Does 24 divide 78127771?
False
Is 195493168 a multiple of 13?
True
Is 6259 a factor of 587444704?
True
Is 350100030 a multiple of 15?
True
Is 31530579 a multiple of 200?
False
Is 4 a factor of 7987379?
False
Is 7 a factor of 2764387?
False
Is 69 a factor of 2129911413?
False
Is 7932438 a multiple of 569?
False
Is 107733165 a multiple of 51?
True
Is 361006036 a multiple of 58?
True
Does 1052 divide 38400104?
True
Does 312 divide 76033152?
True
Does 1137 divide 5314122485?
False
Is 196 a factor of 31532694?
False
Does 4 divide 127420592?
True
Is 922220149 a multiple of 16?
False
Does 10 divide 115116346?
False
Is 58520838 a multiple of 7?
False
Does 8 divide 30722996?
False
Does 1321 divide 69172210?
False
Is 44118369 a multiple of 56?
False
Is 1449009736 a multiple of 273?
False
Does 329 divide 199893710?
False
Is 385 a factor of 47484360?
True
Is 43320981 a multiple of 341?
True
Does 2509 divide 48164740?
False
Is 1100764280 a multiple of 45?
False
Is 36 a factor of 27635897?
False
Is 10275999 a multiple of 39?
False
Is 745 a factor of 35532030?
True
Is 527 a factor of 15260844?
False
Is 17 a factor of 1140459116?
False
Is 31 a factor of 839642449?
False
Is 5283446549 a multiple of 1453?
True
Is 54 a factor of 1436020194?
False
Is 10 a factor of 155271868?
False
Does 178 divi